85745?
8
What is the hundreds digit of 108058118?
1
What is the hundreds digit of 476139175?
1
What is the units digit of 6262895899?
9
What is the ten thousands digit of 2089095169?
9
What is the hundreds digit of 7244538?
5
What is the ten millions digit of 224584963?
2
What is the hundred millions digit of 500168137?
5
What is the hundred thousands digit of 581354310?
3
What is the hundred millions digit of 342971239?
3
What is the thousands digit of 120989672?
9
What is the tens digit of 55798596?
9
What is the millions digit of 308040537?
8
What is the millions digit of 117819359?
7
What is the hundreds digit of 359729263?
2
What is the ten thousands digit of 184451925?
5
What is the hundred thousands digit of 36567493?
5
What is the units digit of 493976357?
7
What is the millions digit of 52999307?
2
What is the hundred thousands digit of 280290271?
2
What is the units digit of 490949069?
9
What is the thousands digit of 54499506?
9
What is the hundreds digit of 148468430?
4
What is the hundred millions digit of 122859846?
1
What is the ten thousands digit of 75124944?
2
What is the millions digit of 398065421?
8
What is the ten millions digit of 13397674?
1
What is the units digit of 93044184?
4
What is the units digit of 600959308?
8
What is the ten millions digit of 5047246994?
4
What is the thousands digit of 402748917?
8
What is the ten millions digit of 1446738290?
4
What is the tens digit of 175257420?
2
What is the tens digit of 545036392?
9
What is the units digit of 45378564?
4
What is the millions digit of 68410290?
8
What is the units digit of 3761634674?
4
What is the billions digit of 1453454834?
1
What is the ten millions digit of 89489686?
8
What is the units digit of 47643802?
2
What is the billions digit of 2228984217?
2
What is the ten thousands digit of 606788063?
8
What is the thousands digit of 305919448?
9
What is the units digit of 45599739?
9
What is the tens digit of 1862347312?
1
What is the ten thousands digit of 65146403?
4
What is the tens digit of 52935316?
1
What is the units digit of 69342591?
1
What is the tens digit of 16274271?
7
What is the ten thousands digit of 45579701?
7
What is the tens digit of 13728142?
4
What is the millions digit of 356912892?
6
What is the units digit of 458739547?
7
What is the hundred thousands digit of 90213430?
2
What is the units digit of 1017946821?
1
What is the hundred millions digit of 2719740551?
7
What is the units digit of 645513061?
1
What is the hundred millions digit of 432205204?
4
What is the hundreds digit of 837494868?
8
What is the ten millions digit of 888443732?
8
What is the hundred thousands digit of 12620911?
6
What is the tens digit of 491244367?
6
What is the units digit of 550172917?
7
What is the billions digit of 1373344105?
1
What is the hundreds digit of 44402088?
0
What is the thousands digit of 50147580?
7
What is the hundred millions digit of 120503192?
1
What is the tens digit of 116221831?
3
What is the hundreds digit of 1120093711?
7
What is the units digit of 63462407?
7
What is the hundred thousands digit of 730031604?
0
What is the tens digit of 740012327?
2
What is the ten thousands digit of 280304134?
0
What is the ten thousands digit of 335130472?
3
What is the hundred millions digit of 1435272789?
4
What is the thousands digit of 2019437109?
7
What is the millions digit of 952708940?
2
What is the hundreds digit of 2099173098?
0
What is the hundred thousands digit of 81851651?
8
What is the ten thousands digit of 624160792?
6
What is the units digit of 286307737?
7
What is the millions digit of 3447281342?
7
What is the hundred millions digit of 752531261?
7
What is the hundred millions digit of 2083828881?
0
What is the millions digit of 4264468379?
4
What is the thousands digit of 26548422?
8
What is the units digit of 1321942541?
1
What is the ten millions digit of 78125621?
7
What is the hundreds digit of 49216486?
4
What is the millions digit of 7269553?
7
What is the units digit of 132198405?
5
What is the ten millions digit of 60900229?
6
What is the ten millions digit of 196283751?
9
What is the hundred millions digit of 644769158?
6
What is the hundreds digit of 3408158522?
5
What is the tens digit of 10393633?
3
What is the ten thousands digit of 173195241?
9
What is the hundred millions digit of 243084176?
2
What is the millions digit of 99132940?
9
What is the hundred millions digit of 335294051?
3
What is the hundred millions digit of 721681929?
7
What is the tens digit of 215073342?
4
What is the billions digit of 1234461930?
1
What is the thousands digit of 4522330197?
0
What is the units digit of 228087656?
6
What is the units digit of 137341929?
9
What is the ten millions digit of 171558893?
7
What is the thousands digit of 8684551239?
1
What is the ten thousands digit of 98297275?
9
What is the tens digit of 615308238?
3
What is the ten thousands digit of 106002830?
0
What is the thousands digit of 1965056092?
6
What is the hundred thousands digit of 6882309055?
3
What is the ten millions digit of 1583131808?
8
What is the thousands digit of 102545164?
5
What is the ten thousands digit of 43738345?
3
What is the ten thousands digit of 2148125222?
2
What is the units digit of 138936472?
2
What is the units digit of 48716519?
9
What is the ten millions digit of 69896475?
6
What is the hundred millions digit of 156826937?
1
What is the hundreds digit of 1215659181?
1
What is the thousands digit of 368887122?
7
What is the thousands digit of 422810186?
0
What is the ten thousands digit of 1879331958?
3
What is the hundred millions digit of 187965028?
1
What is the units digit of 1152792685?
5
What is the thousands digit of 576931115?
1
What is the ten thousands digit of 45878300?
7
What is the thousands digit of 85854503?
4
What is the millions digit of 2576272810?
6
What is the units digit of 190524699?
9
What is the thousands digit of 486748241?
8
What is the tens digit of 4298955624?
2
What is the hundreds digit of 21614808?
8
What is the tens digit of 98338468?
6
What is the ten millions digit of 370369934?
7
What is the units digit of 2541673451?
1
What is the hundreds digit of 74550762?
7
What is the thousands digit of 49916252?
6
What is the units digit of 42208729?
9
What is the ten thousands digit of 159665298?
6
What is the ten thousands digit of 515437202?
3
What is the hundreds digit of 133701703?
7
What is the tens digit of 110957586?
8
What is the hundreds digit of 64716804?
8
What is the units digit of 238190305?
5
What is the thousands digit of 294838547?
8
What is the ten millions digit of 285387005?
8
What is the ten millions digit of 5437478097?
3
What is the thousands digit of 545283989?
3
What is the hundred millions digit of 7215657042?
2
What is the hundred thousands digit of 412260926?
2
What is the units digit of 93865034?
4
What is the billions digit of 5282685965?
5
What is the ten millions digit of 1274767135?
7
What is the tens digit of 2113327725?
2
What is the tens digit of 412714966?
6
What is the hundreds digit of 1021259788?
7
What is the ten thousands digit of 1850742151?
4
What is the ten thousands digit of 3965635430?
3
What is the tens digit of 4660479796?
9
What is the millions digit of 2784718712?
4
What is the units digit of 6838930?
0
What is the thousands digit of 1637102707?
2
What is the tens digit of 1941756734?
3
What is the hundreds digit of 1433095849?
8
What is the ten millions digit of 987934496?
8
What is the ten millions digit of 190941826?
9
What is the hundred thousands digit of 346113177?
1
What is the ten millions digit of 2161333702?
6
What is the hundred millions digit of 897851406?
8
What is the hundreds digit of 12519375?
3
What is the billions digit of 1051233941?
1
What is the units digit of 53150787?
7
What is the hundred thousands digit of 68230060?
2
What is the ten thousands digit of 277449026?
4
What is the billions digit of 1652762722?
1
What is the ten thousands digit of 1983493274?
9
What is the ten millions digit of 3406291745?
0
What is the hundreds digit of 2004129702?
7
What is the hundred millions digit of 805838629?
8
What is the tens digit of 533498523?
2
What is the ten millions digit of 1471134283?
7
What is the ten millions digit o